17
Evaluate (-9 - 1) + (3 + (-9 + -9 - -6) - -19).
0
(-3 - (-7 + 35)) + -2 + -9 + 5
-37
(-2 - 23 - (325 - 361)) + (-61 - 0) + -2
-52
What is the value of (0 - ((-29 - -6) + 68)) + -26?
-71
11 - (-12 + (-14 - -23) + -60 + 2 + 3)
69
What is the value of -72 - (1 + (-87 - 6)) - (-89 - 1)?
110
What is (-23868 - -23985) + (0 - 91)?
26
What is -15 + 7 + -1 + -4 + 5 + -32?
-40
What is the value of (62 - 140 - -96) + 44 + 1?
63
Evaluate (-13 - 2) + (3 - (30 - 35)) - (0 - 117).
110
42 - (19 - (-34 - (-13 - 21)))
23
What is 8 + -2 + -10 + 9 + -3 + -2 + 6?
6
What is the value of 0 + 23 - (469 - 421)?
-25
Calculate 6 + 0 + (-5 - 6) - ((-16 - -22) + 0).
-11
Calculate (74 - 119) + 62 - -44.
61
138 + -48 - 149 - 21
-80
Evaluate 3 - (-16 + -20) - 28.
11
Calculate -97 - (-14 + -3 - 57).
-23
Calculate -46 + (0 - -1) - (-49 - (-103 + (24 - -26))).
-49
What is (-111 - -34 - -250) + -73?
100
What is 35 + -3 - (-34 - (-2 - 1))?
63
Evaluate 100 - -20 - 101 - (2 + 54).
-37
What is 27 - ((-3 - -2) + (-11 - (6 + -3)) + 5)?
37
19 + (-13 - (-21 + 7)) - 21
-1
Evaluate (7 - 5 - (0 + -48)) + (1045 - 1025).
70
What is (575 - 597) + -2 + -13?
-37
Evaluate 7146 + -7163 + (2 - (-59 + 2 - 2)).
44
What is (-51 - -125 - 46) + 16?
44
Evaluate (1 - (32 - 12)) + (3 - 3) + -12.
-31
What is the value of (1046 - 1163) + (2 - -240)?
125
What is 2 + -11 + -3 + -6 - (343 - 330)?
-31
1228 - 1275 - (-89 - 0)
42
Calculate (-52 - -112 - 43) + -1.
16
Calculate 2 - (148 - 294 - -32).
116
Calculate (-2 - -15) + (2093 - 2198 - (0 + -12)).
-80
What is -7 + -94 + 135 + -1 + -13?
20
(4 - 12 - -4 - (-97 + 102)) + (82 - -1)
74
What is the value of (-19 + -6 - -10) + -5 + (99 - 146)?
-67
Calculate (-6 - (-8 + 7)) + 49 - (-1 - -8).
37
Calculate -13 + 4 + (13 - 7) + (7 - 10) + 23.
17
Evaluate -2 + (2 - 4) + (2068 - 2059) + -66.
-61
23 + 1 + (-414 - -384) + (3 - (-75 - 0))
72
-37 + 31 + -69 + 44 + 0 + 1
-30
What is the value of 6 + 33 - (6 + 3 + (-1 + -6 - -2))?
35
Calculate 9 - (41 - (-4 - -31)).
-5
Calculate 0 + -26 + (-299 - -80) + 151.
-94
What is the value of (-4 + 3 + 3 - -49) + (8 + -14 - -1)?
46
Evaluate 5 - (-15 + (-14 + 5 - (-19 + 6))).
16
What is the value of -8 - ((-9 - -5) + (13 - 20) - -12)?
-9
16 - (22 + (5 - (30 + -12)))
7
(-7 - (-6 - -1) - (-13 + 13)) + 24
22
Evaluate 28 + -1 + 2 + 3 + -61 + (-9 - -64).
26
Evaluate (2 - (5 + -3) - (5 + 6 - 19)) + 5.
13
Calculate -26 - (17 - (43 - 31)).
-31
What is -2 - (7 + -5 + (-9 - -7) + 69)?
-71
What is -163 - (-51 + -8) - -75?
-29
3 - 21 - (-31 - (51 - 99))
-35
What is (0 - 72) + (-6 + 3 - (-22 - (-38 + 24)))?
-67
What is -29 + 13 + 50 - (-24 - -22)?
36
Calculate (201 + -83 - 8) + -72.
38
Evaluate 11 - (24 - 23) - ((-8 - -3) + 5).
10
Evaluate -35 - -69 - (110 + 35 + -33).
-78
4 + 3 + -27 + 45 - -47 - (0 + 0)
72
(-24 - (-10 - 18)) + -1 + -87
-84
What is -12 - ((10 - (7 + -14)) + (-1 + 8 - 14))?
-22
What is 15 - -3 - (4 + (-18 - -32) + -34)?
34
Calculate -11 - (138 + -143 + (12 - 1)).
-17
What is the value of -1 - (-21 + (-15 - -20)) - (1 + 129) - -7?
-108
Evaluate (-31 - -5) + -15 + 22 + 10 + (56 - 1).
46
What is the value of (-2 + 3 - -3) + (26 - 13 - -51)?
68
40 + 123 + -165 + 20 + -1
17
What is -15 + 1 - ((-28 - -1) + 11) - 21?
-19
Evaluate 8 + 0 + (-1 - (-4 - -3) - 22) + -79.
-93
Calculate -34 - (3 + -3) - (-247 - -138).
75
What is the value of -5 - -14 - (-54 + 46 + -57)?
74
-65 - (73 + (14 - 89))
-63
What is the value of (-52 - (-24 - -4 - -8)) + (0 - -1) + -6?
-45
What is the value of (-2 - (-82 + -8)) + (11 - (-5 + 4))?
100
-25 - (9 + -1) - (-25 - -42)
-50
What is the value of -247 + 239 + (-1 - (50 - 3)) + 2?
-54
Calculate (-7 - (-4 - -2) - (4 + 10 + 11)) + -4.
-34
What is 211 + -458 - -255 - (2 - -37)?
-31
-1 - -18 - (-336 + 363)
-10
What is (-112 - -43) + -14 + 40 - -25?
-18
What is -45 - -29 - (0 - (7 - 3 - 7))?
-19
What is the value of -476 - -408 - (-4 + 3 - -1)?
-68
Calculate -38 - (20 + 19 + -16 + -7).
-54
Evaluate (-7 - -21) + -63 - -65 - (-2 - (-3 + -161)).
-146
Calculate 18 + -1 + 9 + 5 + -19 - (-11 + 42).
-19
Evaluate 56 - (-71 + 64) - 42.
21
Calculate (-10 - -1) + -20 + 10 + -9 + 17.
-11
What is -69 - (52 - 20 - 23 - (1 - 8) - 7)?
-78
What is 16 + 44 + (-311 - -298)?
47
What is the value of -132 + 33 + (-2 - (27 - 2))?
-126
Evaluate (15 - (-19 + (-3 - -47))) + -9.
-19
Evaluate 15 - (-14 + -17 + 11 + 13 - -4).
18
Evaluate 8227 - 8140 - (-1 + -23).
111
What is the value of 7 - (((-7 - 12) + 35 - 19) + -2)?
12
Calculate 7537 - 7438 - (66 + 2).
31
Calculate (1 - -1 - (0 - 49)) + (210 - 101 - 112).
48
-93 - 12 - -46 - (-19 + 1)
-41
Evaluate -1 + 19 + (311 - 356) + 8.
-19
39 - 46 - (-60 - (-18 + 6))
41
What is 5 + -2 + -1 - 25 - (-5 + 2)?
-20
What is the value of (-7 - -2 - -13) + (-28 - 0) + 85?
65
2 - (-7 + (4 - -6)) - -5 - (31 - -1)
-28
-64 - -17 - -8 - (-5 - -22)
-56
Calculate 1 - (-17 - (-17 + -7 + 13)) - 1.
6
Evaluate 1083 + -939 + 0 + -77.
67
Calculate -19 - (-16 + 119 - 77).
-45
Calculate 13 + (3 - 5) - (121 + 1 + -26).
-85
-62 + 30 - -38 - 11 - (56 - (-1 + -1))
-63
What is (9 - -3 - 7) + (-16 + 0 - (-295 + 231))?
53
Calculate (-13 - (1 + -12 + 40 + -38)) + 15 - 125.
-114
What is the value of (-2 - (0 + -1) - (-2 - 22)) + -793 + 785?
15
(3 + (-2 - -17) + -15 - 0) + 11 + -117
-103
Calculate -11 + -11 - (-26 - (-31 + 7)).
-20
Evaluate -1 + 0 - -59 - (-12152 - -12174).
36
-10 + -4 + 14 + 51 + -35 + -46
-30
What is the value of 17 + -32 - (-4 - -9 - (-4 - (-3 + 6)))?
-27
What is the value of -11 - 4 - (-23 + (-20 - -125))?
-97
What is (0 - -4) + 27 + 0 + (-3 - -7) + -10?
25
Evaluate (-10 - (-13 + 0) - (15 + -1)) + 91 + -6.
74
Calculate 0 + -59 - (-1135 - -1032).
44
Evaluate 0 - 119 - -91 - 54.
-82
Calculate -48 + 70 + (2 - (7 + -8)).
25
What is 99 - (-10 + 120) - (-94 - -3)?
80
What is the value of (-169 - (-191 + 88)) + 148?
82
Evaluate 128 + (21 - 148) - -45.
46
Calculate 13 + ((-6 + 3 - -2) + -14 - (-93 + -7)).
98
Evaluate ((23 - 26) + -14 - -10) + 39 + -1.
31
What is (-47 - (104 + -221)) + -1?
69
What is -4 + (37 - 16) + -24?
-7
37 + 3 + 28 + -96 + 75
47
Calculate (7 - -1) + 7 + (-27 - 11 - -95).
72
-78 + 55 + (2 + 0 - -11) - (2 + 2)
-14
What is the value of -44 - (18 + (37 + -32 - -2))?
-69
Calculate (45 - (-36 - -38)) + -43.
0
What is the value of 12 - ((15 - 2 - -48) + -17)?
-32
Evaluate (-11 - -1) + (89 - (0 - -1)) - 12.
66
What is 396 + -331 - (-18 - -76)?
7
Evaluate (-28 - (16 + 3 + -4)) + (-2 - -4).
-41
What is the value of -61 - (46 + -40 - 16)?
-51
(-147 - -182) + (-18 - -1) - (10 - -7)
1
Evaluate (-107 + (-2 - -4) - 1) + -1600 + 1600.
-106
Evaluate -65 - (4 + -100 + 54).
-23
0 + 1 - (-15 - (21 + -33) - 1)
5
What is the value of (-17 - 0) + 33 + -12 + -7 + -90?
-93
Calculate (-23 - 0) + 7 + (-13 - (-23 + -3)).
-3
-12 + (-81 + 2 - 9) + (18 - (18 + -7))
-93
Evaluate -25 - ((18 - 2 - 2) + 27 + -47 + 13).
-32
21 + (37 - (45 - 27))
40
What is (2 - (-13 + -39 + 4)) + 5 + (1 - 7)?
49
Evaluate -41 + 68 + (16 - (5 + 105)).
-67
What is 58 + (-129 - -48) + 29?
6
Evaluate -2 + -77 - (-4110 + 4058).
-27
What is (29 - (-11 - -17)) + -47 - -13?
-11
What is the value of (12 - (-5 + 29)) + (-1 - 1 - -29) + -123?
-108
Calculate 5 - (66 + (6 - 37) + 49).
-79
Calculate -65 - (4 + 3 + (0 - 8) + 13).
-77
What is the value of -9 + 3 + 14 - (-3 + -1) - 54?
-42
Calculate 9 + -2 + (-1 + -9 + 8 - -7) + -82.
-70
Calculate (19 - 12) + 38 + 9 + -25 + 1.
30
Calculate -27 - (2 + 8 + (-125 - -124)).
-36
(-8 - 1 - (62 - 70)) + 15 - 43
-29
What is the value of 81 + (-63 - (74 + -47))?
-9
(-132 - (45 - 41)) + 95
-41
What is the value of 5 + -19 + 9 - 0 - ((-1 - -1) + 41)?
-46
Evaluate (10 + -13 - 9) + (-4 - ((6 - -1) + -5)).
-18
-12 + (4 + (19 - 16) - (5 - 23))
13
What is the value of (56 - 70) + (-2 - (-27 + 6))?
5
What is 45 - ((-51 - -94) + -32)?
34
What is -5 + 80 + -31 + -22?
22
What is the value of -114 + 116 + (-14 - 60)?
-72
337 - 255 - (-5 + (-6 + 7 + -6 - -1))
91
Calculate -39 + 25 + 25 + -43.
-32
What is 54 - 39 - (9 - 1) - (20 - 12 - -48)?
-49
Evaluate 2 - (33 - 14 - 18 - -42).
-41
(-89 - -3) + -89 + 5 + 109
-61
13 + 1 + (-34 - -32 - (-23 - -82 - 24))
-23
What is -378 + 376 - (-5 - (-137 + -6 + 3))?
-137
What is the value of -46 + (-61 + -6 - -128)?
15
-4 + (30 - 7 - (5 + 8)) - 10 - -22
18
Calculate 73 + -14 + (-18 - 3 - -10).
48
(-9 - -58